3 + 94*m**2 - 650*m - 10. Determine y(21).
11
Let p(n) = 13039*n - 977896. Determine p(75).
29
Let l(z) = -z**3 + 317*z**2 + 54060*z - 7388. Give l(-123).
-8
Let q(t) = t**3 - 94*t**2 + 333*t - 50411. What is q(96)?
-11
Let c(k) = -15069*k**2 - 2848039*k + 382. What is c(-189)?
4
Let m(u) = 41*u**2 - 4626*u - 191256. Calculate m(145).
-1
Let r(c) = 861*c**3 + 5*c**2 + 872*c + 868. What is r(-1)?
-860
Let c(a) = -1914*a + 63202. Determine c(33).
40
Let o(d) = -7529*d + 60175. Calculate o(8).
-57
Let r(i) = -13*i**3 - 1082*i**2 + 1962*i + 598. Determine r(-85).
3
Let m(y) = y**3 + 40*y**2 + 40*y + 1370. Give m(-40).
-230
Let y(u) = 1689*u - 20274. Give y(12).
-6
Let x(q) = -q**3 + 170*q**2 - 161*q - 1472. Determine x(169).
-120
Let f(s) = -s**2 + 166978*s + 7014834. Calculate f(-42).
-6
Let x(g) = -442958*g + 885973. What is x(2)?
57
Let y(t) = -38196*t - 1145871. Give y(-30).
9
Let w(u) = -u**3 + 58*u**2 - 28*u - 7022. Determine w(56).
-2318
Let c(q) = -169*q**2 - 2868*q - 155. Calculate c(-17).
-240
Let x(a) = a**3 + 405*a**2 - 857*a - 17339. Determine x(-407).
162
Let p(a) = -a**3 + 80*a**2 + 201*a + 3938. Determine p(83).
-46
Let n(d) = -161988*d - 2591835. Determine n(-16).
-27
Let w(n) = 7447*n + 484059. Give w(-65).
4
Let f(j) = -j**2 - 1116*j - 17560. Calculate f(-16).
40
Let y(p) = 70*p**2 + 11895*p - 838. Determine y(-170).
12
Let d(b) = -4*b**3 + 154*b**2 - 85*b + 227. Determine d(38).
-115
Let x(v) = -70677*v + 636099. Give x(9).
6
Let r(x) = 8884*x - 195412. Give r(22).
36
Let g(q) = -q**3 + 16*q**2 + 62*q - 1254. Calculate g(14).
6
Let q(b) = 3366*b - 40158. What is q(12)?
234
Let o(f) = 3*f**2 + 187728*f + 750893. What is o(-4)?
29
Let a(o) = -2*o**2 + 24*o - 209. Give a(14).
-265
Let i(k) = -52*k - 2832. Determine i(-54).
-24
Let c(s) = -92*s - 7880. Calculate c(-112).
2424
Let i(z) = 316*z**3 - 2*z**2 - 71*z + 72. Give i(1).
315
Let n(s) = -s**3 - 71*s**2 - 3062*s - 252143. What is n(-75)?
7
Let v(r) = -12*r**2 - 2940*r + 25. Give v(-245).
25
Let d(h) = 3016*h + 114667. Calculate d(-38).
59
Let a(v) = -16*v**2 - 244*v - 2574. What is a(-10)?
-1734
Let h(k) = 702*k - 17197. What is h(25)?
353
Let r(x) = -3*x**3 + 1480*x**2 + 3967*x + 538. Determine r(496).
42
Let u(q) = -60*q**3 + 12*q**2 - 7*q - 18. Give u(2).
-464
Let i(h) = -4*h**2 + 362*h + 76282. Give i(-100).
82
Let w(p) = 42*p**2 + 12777*p - 78182. Give w(6).
-8
Let u(f) = 3*f**3 + 30*f**2 - 1162*f + 6. Give u(-25).
931
Let r(a) = 272*a - 1410. Calculate r(6).
222
Let k(n) = -n**3 - 1134*n**2 + 10299*n - 63. What is k(9)?
45
Let r(h) = 6*h**3 - 98*h**2 + 239*h - 3298. Determine r(16).
14
Let r(x) = -20102*x + 160869. What is r(8)?
53
Let m(h) = -55*h**2 - 9843*h + 359. Determine m(-179).
1
Let g(m) = 23*m**2 + 378*m + 377. Calculate g(-1).
22
Let t(d) = -d**2 + 5534*d - 211. Calculate t(0).
-211
Let d(c) = -2*c**3 + 281*c**2 - 470*c + 7358. What is d(139)?
-9
Let n(a) = -803*a - 5391. Determine n(-6).
-573
Let l(f) = -1366*f - 12191. Give l(-10).
1469
Let a(p) = 584*p - 38872. What is a(67)?
256
Let u(j) = 97526*j - 97567. Calculate u(1).
-41
Let o(j) = -526*j - 46311. Calculate o(-88).
-23
Let o(j) = 229*j**2 - 927*j - 71. Determine o(4).
-115
Let v(p) = -137006*p - 5754267. Calculate v(-42).
-15
Let m(a) = -803*a - 1408. Calculate m(-6).
3410
Let l(d) = 4*d**2 - 226*d - 22349. Determine l(108).
-101
Let h(p) = -p**3 + 28*p**2 + 337*p - 9816. Determine h(27).
12
Let v(j) = j**2 - 110*j - 1. Calculate v(-3).
338
Let m(o) = o**3 + 240*o**2 - 11094*o + 119988. Give m(-281).
1
Let i(l) = 105964*l - 529791. Give i(5).
29
Let s(a) = 151927*a + 2278698. Determine s(-15).
-207
Let h(x) = -6*x**3 + 81*x**2 + 45*x + 60. Give h(14).
102
Let w(f) = -1027*f - 70461. What is w(-68)?
-625
Let p(q) = -8*q + 359. Determine p(70).
-201
Let f(u) = -6*u**3 + 160*u**2 - 242*u + 3589. Give f(26).
1
Let q(n) = -13*n**3 - 2*n**2 + 211*n - 1081. Determine q(5).
-1701
Let u(a) = a**3 + 236*a**2 + 299*a - 36729. Give u(-234).
2817
Let m(d) = -2*d**3 + 109*d**2 - 201*d - 128. What is m(53)?
-2354
Let o(i) = -8037*i - 1695801. Calculate o(-211).
6
Let n(o) = o**2 + 28464*o - 2455300. What is n(86)?
0
Let u(k) = -4*k**3 - 213*k**2 + 385*k - 40. Determine u(-55).
-40
Let k(x) = 94614*x + 851385. Determine k(-9).
-141
Let v(c) = 66480*c - 1263109. Determine v(19).
11
Let d(w) = -w**2 - 668*w - 11687. Determine d(-18).
13
Let q(d) = -10*d**3 - 1128*d**2 + 249*d + 2592. Determine q(-113).
-7
Let p(a) = a**3 - 273*a**2 - 3156*a - 56. What is p(-11)?
296
Let g(t) = 4436*t + 15163. Determine g(-5).
-7017
Let h(s) = 4*s**2 + 81*s - 567. What is h(-26)?
31
Let z(i) = -3527*i + 331518. Calculate z(94).
-20
Let u(k) = -2464*k + 68736. Determine u(30).
-5184
Let o(a) = -a**3 - 122*a**2 + 372*a - 3618. Give o(-125).
-3243
Let p(v) = 3*v**2 + 463*v + 17463. Calculate p(-78).
-399
Let m(v) = 21*v**2 - 667*v - 436. Calculate m(34).
1162
Let a(m) = -903*m - 82295. Calculate a(-91).
-122
Let n(p) = p**2 - 533*p + 68656. Calculate n(204).
1540
Let z(b) = 2*b**3 - 8*b**2 + 1028*b + 6843. Give z(-6).
-45
Let i(u) = -21*u**2 + 73*u - 37. What is i(10)?
-1407
Let z(x) = -489*x + 27134. Determine z(56).
-250
Let p(u) = 336*u**3 - 8*u**2 + 651*u - 644. Determine p(1).
335
Let q(z) = -8*z**3 + 799*z**2 + 90*z + 1031. What is q(100)?
31
Let g(z) = -22*z**2 + 712*z - 1901. What is g(31)?
-971
Let v(s) = -3*s**2 + 612*s - 8728. Calculate v(191).
-1279
Let x(b) = 3980*b - 1595864. What is x(401)?
116
Let f(b) = -b**3 + 183*b**2 - 8277*b - 2012. Determine f(83).
-103
Let y(a) = -95*a - 49. Give y(-15).
1376
Let f(n) = -14*n**2 - 73*n + 52. Determine f(10).
-2078
Let n(h) = 79*h**3 - 2*h**2 + 1942*h + 1945. Determine n(-1).
-78
Let l(d) = 10*d**2 + 5040*d - 1137391. Calculate l(169).
-21
Let p(w) = w**3 - 262*w**2 - 2722*w + 476. Calculate p(272).
-68
Let w(n) = 1698*n + 42448. Determine w(-25).
-2
Let i(b) = 4633*b - 9124. What is i(2)?
142
Let a(p) = -2*p**3 + 49*p**2 - 130*p - 118. Give a(21).
239
Let b(j) = -4*j**2 + 40*j + 702. Calculate b(-10).
-98
Let f(x) = -9*x**2 + 30*x + 143. Give f(-4).
-121
Let x(o) = -12*o**2 - 7350*o - 3692. Determine x(-612).
-20
Let h(x) = -66597*x - 399592. Determine h(-6).
-10
Let q(d) = d**3 + 53*d**2 + 24*d - 6404. Calculate q(-50).
-104
Let s(n) = 394*n + 44090. Calculate s(-112).
-38
Let k(l) = 231*l**2 - 7*l - 18. Determine k(0).
-18
Let f(y) = 781251*y + 2343770. Calculate f(-3).
17
Let x(r) = -23*r**2 + 3013*r - 15088. Give x(5).
-598
Let h(y) = -y**3 + 2*y**2 + 260*y - 2157. Give h(9).
-384
Let r(w) = 9*w**2 + 100*w - 28. Give r(-9).
-199
Let n(q) = 397*q**2 - 105*q - 1. Determine n(1).
291
Let m(v) = v**3 + 13*v**2 + 80*v + 1673. Give m(-15).
23
Let p(o) = -565*o - 1628. Give p(-4).
632
Let z(v) = -260*v**2 - 1273*v + 14. Give z(-5).
-121
Let m(l) = -l**2 - 252*l + 4978. Give m(19).
-171
Let p(n) = 341*n - 373. What is p(1)?
-32
Let a(v) = -3*v**3 + 201*v**2 + 170*v - 11303. What is a(67)?
87
Let i(s) = -2798*s + 81146. Determine i(29).
4
Let h(c) = -1051*c + 23089. Give h(22).
-33
Let x(z) = 2174*z - 967401. What is x(445)?
29
Let b(r) = -1196*r - 79016. Calculate b(-66).
-80
Let z(m) = 69*m**2 - 3008*m + 8994. What is z(3)?
591
Let a(d) = -9*d**2 - 2616*d - 26161. Calculate a(-10).
-901
Let n(j) = 532*j + 10721. Give n(-21).
-451
Let i(a) = -6*a**3 - 8*a**2 + 16*a + 4. Give i(2).
-44
Let b(u) = 93*u**3 - 7*u**2 - 19*u + 6. Determine b(0).
6
Let f(x) = -x**2 + 67589*x + 1419813. Calculate f(-21).
3
Let c(t) = -t**3 - 78*t**2 - 158*t + 10185. Determine c(-74).
-27
Let y(j) = -20*j**3 - 840*j**2 + 15*j + 788. Determine y(-42).
158
Let n(p) = 20*p**2 + 3388*p + 4762. Give n(-168).
58
Let s(g) = 14921*g + 193999. Determine s(-13).
26
Let x(h) = -27*h**2 - 1108*h - 13177. What is x(-12)?
-3769
Let f(d) = -22428*d + 560695. What is f(25)?
-5
Let a(b) = -7*b**3 - 69*b**2 + 273*b - 175. Give a(3).
-166
Let h(l) = -4619*l - 3408767. Calculate h(-738).
55
Let n(k) = k**2 + 294*k - 3013. What is n(10)?
27
Let r(x) = x**3 + 27*x**2 + 200*x + 423. Give r(-10).
123
Let g(s) = -2193*s**2 + 217102*s + 482. Give g(99).
-13
Let j(q) = 860*q + 17939. What is j(-21)?
-121
Let r(g) = -2*g**3 - 30*g**2 - 31*g + 419. Determine r(-12).
-73
Let a(y) = -1393*y + 4092. Determine a(3).
-87
Let o(n) = -2528*n +